 0*p - p + r*v + 81 = 0, 0 = 3*p + 3*v - 183. What is the highest common factor of p and 26?
13
Let u = 33 - 19. Suppose -4*o + 2*o + u = 0. Calculate the highest common divisor of 7 and o.
7
Suppose 4*i + 218 = 2. Let j be (-3)/4 - i/8. Let x(u) = u**3 + 8*u**2 - 2*u - 6. Let g be x(-4). What is the highest common factor of j and g?
6
Suppose -5*c - 5 + 20 = 0. What is the highest common divisor of 3 and c?
3
Let x = 142 + -52. Let i(z) = -9*z + 4. Let p(b) = 8*b - 3. Let k(a) = -3*i(a) - 4*p(a). Let w be k(-2). What is the greatest common divisor of x and w?
10
Let s(n) = -8*n - 3. Let p(m) = -17*m - 7. Let q(v) = 3*p(v) - 7*s(v). Let y be q(1). Calculate the highest common divisor of y and 45.
5
Let x(m) = m**2 - m - 3. Suppose -i - h - 24 = i, 5*i = -h - 57. Let t = i + 16. Let f be x(t). What is the greatest common factor of 187 and f?
17
Let g(w) = w**2 - 1. Let y be g(1). Suppose y = 2*a + a + 3. Let l be (19/(-3) - a)*-6. What is the highest common divisor of 4 and l?
4
Let j be (-15)/(-3) - (4 - 29). Calculate the highest common divisor of 10 and j.
10
Suppose 0 = 5*k - 4*k. Suppose j - 16 = -2*c, -2*c = -k*j - 2*j - 16. Calculate the greatest common divisor of 1 and c.
1
Suppose 0 = 5*p - 6*p + 7. Let a be (0 - -1) + (-3 - -2). Suppose q - 2*q + 77 = a. Calculate the greatest common factor of q and p.
7
Suppose 0 = 3*c - 3 - 9. Let d(z) = 2*z - 1. Let f(n) = -n. Let s(m) = -4*d(m) - 9*f(m). Let x be s(6). What is the highest common factor of c and x?
2
Let i = 1 + 3. Suppose -j - g - 65 = -2*j, 5*j = -i*g + 370. Calculate the greatest common divisor of j and 10.
10
Let p = 58 + -33. Calculate the greatest common factor of 10 and p.
5
Suppose -4*t + 0*t + 32 = 0. Calculate the highest common divisor of 32 and t.
8
Suppose 15*x = 12*x + 36. Calculate the greatest common factor of x and 96.
12
Let d = -1 - -5. Suppose 0 = g - 3, -d*r + 4*g = -191 - 245. Calculate the highest common divisor of r and 14.
14
Let p(z) = -1 - 7*z**2 - z**3 + 2 - 3 + z. Let x be p(-8). What is the greatest common factor of x and 6?
6
Let z = -24 + 103. Let y = z - 55. Let j(b) = -13*b - 1. Let o be j(-1). What is the highest common divisor of o and y?
12
Let v(s) = -s**3 - 6*s**2 - 6*s - 4. Let y be v(-4). Let w = 17 + y. What is the greatest common divisor of w and 55?
5
Let l be 24/2*(-2)/(-4). Let n(k) = k + 3. Let j be n(l). Calculate the greatest common divisor of j and 81.
9
Suppose 5*y = -0*y + 1245. Suppose -3*t + 69 = y. Let w = 104 + t. What is the greatest common factor of w and 11?
11
Let f be (-2)/(-2) + (-220)/(-5). Let b(a) = -19*a**3 - 2*a**2 - 2*a - 1. Let g be b(-1). What is the highest common divisor of f and g?
9
Let h(b) = 4*b + 2. Let w be h(2). Let c = -1 - -4. Let u be (-4)/6 + 32/c. Calculate the highest common factor of w and u.
10
Let k(m) = -m**2 - 2*m - 7. Let b be k(-6). Let x = -18 - b. Suppose -u - 5 + x = 0. What is the greatest common divisor of u and 2?
2
Let c be 152/3 - 10/15. Let g be (2 - 10/6)*30. What is the highest common divisor of g and c?
10
Let k = 17 - 14. Let c be (-2)/((-1)/(7 - k)). Calculate the highest common factor of c and 1.
1
Suppose -5*c + 94 = -6. Let f = -249 - -399. Suppose 5*a - f = 2*a. Calculate the greatest common factor of c and a.
10
Let b be ((-93)/(-6) - 1) + 3/2. Suppose 4*x - x - 528 = 0. What is the highest common factor of x and b?
16
Suppose 8*p - 4*p = 12. Let h be -1 + 0 + p + 58. Calculate the highest common factor of h and 15.
15
Let r be (-1168)/(-15) + (-2)/(-15). Calculate the highest common factor of r and 26.
26
Suppose 2*o + 2*g - 32 = 0, -4*o + g + 43 = -1. Let t = o - 1. Calculate the highest common divisor of t and 33.
11
Let m(f) = -2*f**2 + 17*f - 10. Let l be m(7). Suppose -164 = -4*d + 320. Calculate the highest common factor of l and d.
11
Let w be (-238)/(-18) - (-2)/(-9). Calculate the highest common divisor of w and 65.
13
Let h be (-1 + 4)/((-1)/(-11)). Let i = h - 13. Calculate the greatest common divisor of i and 8.
4
Let b = -3 + 5. Let r = b - -2. Suppose 20 + 16 = 2*w - 4*d, 0 = -w + 3*d + 23. Calculate the highest common divisor of r and w.
4
Suppose 3*z + p + 5 = 0, 2*z + 3*p - 4 + 19 = 0. Let x(t) = t**2 - t + 10. Let s be x(z). Let w = -10 + 90. Calculate the greatest common factor of w and s.
10
Suppose 0 = 2*a + 3*a. Let y be -1 + 0 - a - -13. Suppose 0 = -3*u - 3*d + 393, -5*u - 2*d + 657 = d. Calculate the greatest common divisor of u and y.
12
Let l be 6*(-4 - (-66)/9). Calculate the highest common factor of l and 20.
20
Let k be 52/6 - (-14)/(-21). Let y(t) = t**2 + 8*t + 2. Let o be y(-7). Let d = o + 45. What is the greatest common divisor of d and k?
8
Let v = -31 + 1. Let t = v - -56. Suppose -o + t = o. Calculate the highest common divisor of o and 65.
13
Let d = -83 + 171. Calculate the highest common divisor of d and 22.
22
Let w = 7 + -4. Suppose 0 = w*z + 2*z. Suppose z = -4*n + 2*y + 252, 7*n - 4*y = 3*n + 244. Calculate the greatest common divisor of 13 and n.
13
Suppose 3*h = -h. Let g = 1 + h. Suppose 3*b - 1 + 14 = 2*o, b - 9 = -o. Calculate the greatest common factor of g and o.
1
Let b = -16 - -48. Calculate the greatest common factor of 8 and b.
8
Suppose -39 = -5*z + 16. Suppose z = h - 108. Suppose 4*s - 3*f = 53, 48 = 3*s + s - 4*f. Calculate the greatest common factor of h and s.
17
Let m = -2 + -2. Let k(z) = -3*z + 4. Let f be k(m). What is the greatest common factor of 2 and f?
2
Let p = 9 + -4. Let z be (-478)/(-8) + 1/4. Let h = -20 + z. What is the greatest common factor of h and p?
5
Let g = -6 - -8. Suppose -3*v - 50 = -g*b - 7*v, v - 44 = -2*b. Calculate the greatest common factor of b and 42.
21
Suppose -4*x + 3*x = -5. Let c be (-3)/x + 136/10. Calculate the highest common divisor of 52 and c.
13
Let w = -88 - -101. What is the highest common factor of w and 26?
13
Let u(c) = 3*c**2 - 2*c - 5. Let j be u(4). Suppose -53 = -2*b + o - 6*o, 4*o - 76 = -4*b. Calculate the greatest common divisor of j and b.
7
Let k = -1 - -3. Let j be 22/(-55) - (-12)/5. Suppose j*r = -5*i + 3*i + 84, -2*r = -k*i - 84. What is the greatest common divisor of r and 6?
6
Let b = 22 + -19. Let q be (2/6)/(1/3). Calculate the highest common divisor of b and q.
1
Suppose 220 = 4*n + 5*y, -2*n + 112 = 4*y - 2*y. Calculate the highest common factor of n and 24.
12
Let n = 0 + 5. Suppose -n*j + 6*h + 15 = h, 0 = -j - 2*h + 15. Let i = -15 - -50. What is the highest common divisor of j and i?
7
Suppose 0 = -3*b - 4*w + 57, 28 = b + 5*w - 2. Calculate the greatest common factor of b and 105.
15
Let t = 97 + 9. Suppose 4*h = -3*r + 7 + 191, 2*r + t = 2*h. Calculate the highest common divisor of h and 17.
17
Let t(q) = -q - 4. Let l be t(-4). Suppose l = -5*d - x + 382, -3*d - 4*x = -7*x - 222. What is the greatest common divisor of d and 19?
19
Suppose -85 = -3*b + 4*y, 2 = 2*y - 4*y. Suppose 4*h + 6*q = 2*q + 48, 0 = -5*q + 15. Calculate the greatest common divisor of b and h.
9
Suppose s + 70 = 147. Calculate the greatest common divisor of s and 22.
11
Suppose -5*p + 2 = -663. Let n(s) = 3*s - s + 0*s + 4*s**2 - 1. Let g be n(2). Calculate the highest common divisor of p and g.
19
Let w(y) = y - 3. Let o be w(6). Calculate the highest common factor of o and 9.
3
Let j(w) = -w**2 + 11*w + 1. Let p be j(10). Calculate the highest common divisor of p and 44.
11
Suppose 0 = -2*r + 2, -x + 6*x + 3*r = 198. Let u = -7 + x. Let p(o) = o + 1. Let c be p(3). Calculate the highest common divisor of c and u.
4
Suppose 5*t + 0*t = -2*v + 80, 0 = -4*v - 4*t + 160. Calculate the highest common divisor of 40 and v.
40
Suppose -14 = -3*z + 58. Let k = -22 + z. Calculate the highest common factor of k and 2.
2
Suppose -4*r - 3*p = -47, -2*r + 0*r = -p - 21. What is the greatest common factor of r and 22?
11
Suppose 1 = k - 5. Let r be (-3)/k - 31/(-2). Suppose 70 = d - 5*z, -4*d + 2*d = 4*z - 70. What is the greatest common factor of r and d?
15
Let b be (3 - -9)*(-2)/(-3). Calculate the highest common factor of 128 and b.
8
Let n(r) = -r**2 + 17*r + 5. Let x be n(8). Calculate the highest common divisor of x and 7.
7
Suppose -79 + 225 = i + 5*c, 464 = 4*i - 4*c. What is the highest common factor of i and 11?
11
Suppose -30*k + 26 = -28*k. Let i be (-1 - -2)*(9 